he remainder when 1794388 is divided by 42.
22
What is the remainder when 2387 is divided by 2367?
20
What is the remainder when 22364 is divided by 1489?
29
Calculate the remainder when 3073 is divided by 3030.
43
Calculate the remainder when 8524 is divided by 4256.
12
What is the remainder when 3173 is divided by 3118?
55
Calculate the remainder when 201 is divided by 47.
13
Calculate the remainder when 86773 is divided by 90.
13
What is the remainder when 17461 is divided by 486?
451
Calculate the remainder when 310815 is divided by 243.
18
What is the remainder when 9080 is divided by 702?
656
Calculate the remainder when 3151 is divided by 519.
37
Calculate the remainder when 4528 is divided by 717.
226
Calculate the remainder when 48181 is divided by 115.
111
What is the remainder when 78015 is divided by 32?
31
Calculate the remainder when 63776 is divided by 15939.
20
What is the remainder when 72700 is divided by 5192?
12
What is the remainder when 5505 is divided by 440?
225
What is the remainder when 1258823 is divided by 381?
380
Calculate the remainder when 1014 is divided by 428.
158
Calculate the remainder when 2263 is divided by 1078.
107
What is the remainder when 2749 is divided by 2685?
64
Calculate the remainder when 103564 is divided by 1151.
1125
Calculate the remainder when 15445 is divided by 1169.
248
What is the remainder when 122170 is divided by 17445?
55
What is the remainder when 34873 is divided by 3162?
91
Calculate the remainder when 33238 is divided by 898.
12
Calculate the remainder when 11990968 is divided by 1602.
1600
What is the remainder when 246070 is divided by 131?
52
Calculate the remainder when 50051 is divided by 642.
617
Calculate the remainder when 11415 is divided by 233.
231
Calculate the remainder when 4032 is divided by 414.
306
Calculate the remainder when 6938 is divided by 1116.
242
Calculate the remainder when 368039 is divided by 202.
197
Calculate the remainder when 5662 is divided by 5568.
94
What is the remainder when 870866 is divided by 130?
126
What is the remainder when 43182 is divided by 29?
1
Calculate the remainder when 27743 is divided by 13871.
1
What is the remainder when 138023 is divided by 243?
242
Calculate the remainder when 455 is divided by 125.
80
What is the remainder when 709743 is divided by 12?
3
What is the remainder when 48237 is divided by 262?
29
Calculate the remainder when 235924 is divided by 78640.
4
What is the remainder when 20758 is divided by 49?
31
Calculate the remainder when 52645 is divided by 4386.
13
Calculate the remainder when 44176 is divided by 11044.
0
Calculate the remainder when 12959 is divided by 3.
2
What is the remainder when 28494 is divided by 518?
4
Calculate the remainder when 29581 is divided by 171.
169
What is the remainder when 4580 is divided by 4535?
45
Calculate the remainder when 322643 is divided by 167.
166
What is the remainder when 2626 is divided by 517?
41
What is the remainder when 4031 is divided by 518?
405
What is the remainder when 160764 is divided by 36?
24
What is the remainder when 17951 is divided by 315?
311
What is the remainder when 2120 is divided by 38?
30
What is the remainder when 292456 is divided by 28?
24
Calculate the remainder when 288185 is divided by 639.
635
Calculate the remainder when 7782 is divided by 415.
312
What is the remainder when 3086 is divided by 22?
6
Calculate the remainder when 4033 is divided by 1989.
55
Calculate the remainder when 34938 is divided by 19.
16
Calculate the remainder when 1285 is divided by 251.
30
What is the remainder when 585261 is divided by 28?
5
Calculate the remainder when 1579 is divided by 47.
28
What is the remainder when 7622 is divided by 45?
17
Calculate the remainder when 946282 is divided by 22.
18
What is the remainder when 690 is divided by 18?
6
What is the remainder when 1325 is divided by 136?
101
Calculate the remainder when 2934 is divided by 2899.
35
Calculate the remainder when 5834 is divided by 1453.
22
What is the remainder when 8410 is divided by 36?
22
Calculate the remainder when 1812 is divided by 164.
8
Calculate the remainder when 147584 is divided by 858.
8
What is the remainder when 23711 is divided by 303?
77
Calculate the remainder when 106570 is divided by 249.
247
What is the remainder when 443065 is divided by 26?
25
What is the remainder when 199 is divided by 17?
12
What is the remainder when 28872 is divided by 3204?
36
Calculate the remainder when 919 is divided by 903.
16
What is the remainder when 7679 is divided by 3296?
1087
What is the remainder when 33049 is divided by 16?
9
What is the remainder when 20366 is divided by 18?
8
Calculate the remainder when 9188 is divided by 1531.
2
Calculate the remainder when 2177 is divided by 86.
27
What is the remainder when 347651 is divided by 29?
28
What is the remainder when 29964 is divided by 14975?
14
What is the remainder when 39556 is divided by 39538?
18
What is the remainder when 162507 is divided by 23213?
16
Calculate the remainder when 20406 is divided by 2867.
337
What is the remainder when 4209 is divided by 4204?
5
What is the remainder when 485 is divided by 139?
68
What is the remainder when 9137 is divided by 457?
454
Calculate the remainder when 8433 is divided by 75.
33
Calculate the remainder when 380598 is divided by 48.
6
What is the remainder when 2448 is divided by 134?
36
Calculate the remainder when 1317 is divided by 35.
22
Calculate the remainder when 1457205 is divided by 666.
663
What is the remainder when 6463 is divided by 887?
254
What is the remainder when 11274 is divided by 27?
15
Calculate the remainder when 337 is divided by 138.
61
What is the remainder when 13353 is divided by 1513?
1249
What is the remainder when 737 is divided by 456?
281
Calculate the remainder when 36934 is divided by 155.
44
What is the remainder when 18288 is divided by 742?
480
Calculate the remainder when 17903 is divided by 3960.
2063
Calculate the remainder when 405636 is divided by 1508.
1492
What is the remainder when 914 is divided by 271?
101
Calculate the remainder when 174667 is divided by 4061.
44
What is the remainder when 846 is divided by 42?
6
What is the remainder when 125541 is divided by 1846?
13
What is the remainder when 8920 is divided by 187?
131
Calculate the remainder when 6522 is divided by 376.
130
Calculate the remainder when 11429 is divided by 409.
386
Calculate the remainder when 22131 is divided by 80.
51
Calculate the remainder when 1274 is divided by 114.
20
What is the remainder when 102081 is divided by 128?
65
Calculate the remainder when 3003198 is divided by 25.
23
Calculate the remainder when 12795 is divided by 3932.
999
What is the remainder when 14387 is divided by 13?
9
What is the remainder when 10823 is divided by 49?
43
What is the remainder when 14010 is divided by 561?
546
What is the remainder when 62743 is divided by 5699?
54
Calculate the remainder when 138413 is divided by 5.
3
Calculate the remainder when 7108 is divided by 25.
8
Calculate the remainder when 1167 is divided by 203.
152
Calculate the remainder when 2665 is divided by 1338.
1327
What is the remainder when 4018 is divided by 134?
132
Calculate the remainder when 98938 is divided by 67.
46
What is the remainder when 19537 is divided by 930?
7
What is the remainder when 1379 is divided by 58?
45
What is the remainder when 19293 is divided by 254?
243
Calculate the remainder when 644425 is divided by 159.
157
What is the remainder when 4323 is divided by 135?
3
What is the remainder when 246223 is divided by 977?
19
What is the remainder when 517 is divided by 281?
236
What is the remainder when 207158 is divided by 10903?
1
Calculate the remainder when 2534 is divided by 485.
109
Calculate the remainder when 26590 is divided by 436.
430
What is the remainder when 41659 is divided by 20?
19
Calculate the remainder when 780 is divided by 56.
52
What is the remainder when 445444 is divided by 19367?
3
What is the remainder when 1029874 is divided by 554?
542
Calculate the remainder when 14496 is divided by 11.
9
What is the remainder when 10995 is divided by 1810?
135
Calculate the remainder when 178553 is divided by 14.
11
Calculate the rem